.
-8
Let c be (-10)/(-14) - 2/(-7). Let m(q) be the third derivative of -q**5/10 - q**3/6 + 116*q**2 + 3. What is m(c)?
-7
Let y(m) = m**2 - 2*m. Let l = -6 - -11. Suppose 0 = 4*k + g - 3, k = l*k - g - 13. Give y(k).
0
Let n(r) = -22*r - 1. Let y = 404 - 405. Give n(y).
21
Let c(g) = -9*g - 5. Let z(y) = -18*y - 9. Let j(m) = -5*c(m) + 3*z(m). Let f = 6547 - 6545. Calculate j(f).
-20
Suppose 0 = -676*b + 670*b - 6. Let m(d) = -d**2 + d + 1. Let c(o) = -8*o**3 + o**2 - 3*o - 2. Let t(k) = -c(k) - 2*m(k). Calculate t(b).
-8
Let d(z) = -z**2 - 5*z + 11. Let m(x) = -21*x + 34. Let y be m(2). Calculate d(y).
-13
Suppose -3*l - 27 = -3*r + 7*r, -4*r + l - 7 = 0. Let j(g) = 262*g - 264*g + 446 - 447. What is j(r)?
5
Suppose 5*h - 8 = 22. Suppose 5*l - 34 = -19. Let c(b) = -6*b**2 - 2*b**l + 3*b**3 + 415 - 414. Give c(h).
1
Let u(m) = -m - 1. Let t(f) = -3*f**2 + 7*f + 5. Let x be t(-5). Let i = x + 222. Let y be i/26 + 1/(-2). Calculate u(y).
-5
Suppose -174*p = -172*p + 2*g + 42, 62 = -3*p - 2*g. Let v(d) = -2*d - 47. Calculate v(p).
-7
Let u be -3 + (-3*20)/(-2). Let z = -24 + u. Let f(q) = 6 - 2 - 7*q + 5*q + z*q. What is f(-6)?
-2
Let s(x) = x**3 - 4*x**2 + 2*x + 2. Let m(z) = -9*z - 23. Let k be m(-3). Suppose 11*a - k*a = 21. Determine s(a).
-1
Suppose -r - 17 = -3*y, -2*y + 0*y + 18 = -4*r. Let z(a) = -17 + 5 + 10 - 2*a. Give z(y).
-12
Let z(q) be the second derivative of 1/2*q**3 - 5/12*q**4 + 0 + 5/2*q**2 + 1/20*q**5 + 17*q. Calculate z(4).
1
Let b = -3 + 2. Let n(m) = 22*m**2 - 2*m - 5. Let r(y) = -7*y**2 + y + 2. Let t(x) = 3*n(x) + 8*r(x). Give t(b).
9
Let r(o) = -3*o - 1. Let l(m) = m**2 + 9*m + 15. Let c be l(-8). Suppose -c = 9*v - 16. Calculate r(v).
-4
Let t = 13 - 9. Suppose m = -4*u - 21, t*u + 8 + 11 = m. Let k = 6 - m. Let d(o) = -o**3 + 8*o**2 - 8*o + 10. Give d(k).
3
Let n(d) = d**3 - 3*d**2 + 2*d + 5. Let l = 1249 + -1247. Give n(l).
5
Let i(w) = w + 4. Let z be i(-4). Suppose a = 4*a + 12, 3*y - 5*a - 2 = z. Let o be 18/(-12)*(-4)/y. Let m(u) = -4*u**2 - u. Calculate m(o).
-3
Suppose 0 = -7*w - 35 - 7. Let y(s) = s**2 + 4*s - 2. Calculate y(w).
10
Let p(h) = -h**2 - 6*h + 9. Let q(x) = -86*x - 696. Let n be q(-8). Determine p(n).
-7
Let l(y) = y - 1. Let n(p) = 4*p - 8. Let v(j) = 3*l(j) - n(j). Give v(2).
3
Let w(v) = -21*v - 57. Let p be w(-4). Let b be (-2)/(-1 - p/(-21)). Let i(u) = -5 + 3*u - u - 3*u. What is i(b)?
2
Let s(f) = f - 4*f**3 - 4*f + 4*f + f**2. Let l be 0 + (2 - ((-2)/(-2) + -3)). Suppose l*v - 2*v + 4*n = -22, 0 = -4*v - 3*n - 19. What is s(v)?
4
Let n(t) = 258*t + 264*t - 521*t + t**2. What is n(0)?
0
Let w(r) be the third derivative of -r**5/60 + r**4/24 + 5*r**3/6 - 11*r**2. Let i be 0*(0 - 2/4). Calculate w(i).
5
Suppose 4*g = 4*w - 28, 0 + 3 = -g. Let r(z) = 1797*z + 1 - 1801*z - 2 + z**2. Calculate r(w).
-1
Let n be -3*(6/9 + -2). Let r(m) = m**3 - m**2 + 4. Let b be r(0). Suppose 5*o = b*y + 21, o - n*y = 1 - 0. Let z(j) = -j**2 + 5*j - 2. What is z(o)?
-2
Let w(k) = -k**2 - 4*k + 3. Let n = 49 + -49. Suppose -2*z - 2*x - 7 - 9 = 0, 2*x + 10 = n. Calculate w(z).
6
Let q be 42/(-3)*(11/(-22))/(-1). Let t(g) = -2*g**2 - 11*g + 17. What is t(q)?
-4
Let l(d) = -d**2 + 2*d + 3. Let c(z) = z**3 + 6*z**2 + 12*z + 13. Let r be c(-4). Determine l(r).
-12
Let w(a) = 3*a + 11. Let i(f) = f + 1. Let q(l) = -4*i(l) + w(l). Determine q(5).
2
Let h = -9 + 2. Let n(z) = z**2 + 3*z + 9. Let b be ((-6)/(-6)*10)/(-2). Let d(c) = -c**2 - 2*c - 9. Let u(j) = b*d(j) - 6*n(j). Determine u(h).
-2
Let t be (6 + 0)*(-3)/(-9). Let y be 2 - (t + -7 + 2). Suppose 0 = -y*c + 4*u - 42, -4*c + 5*c + 4*u - 6 = 0. Let m(p) = -p - 6. Determine m(c).
0
Let v(i) = -2*i + 3. Let j be 2/(-11) + 160/(-88). Let k be j/3 - (-22)/6. Suppose 3*d - k*w = -27, w + 1 = -2*d - 5. Calculate v(d).
13
Let z be (-253)/23 + (-9)/(-6)*4. Suppose -2*b - 2*f = 0, f + f = -4*b. Let x(l) = 7*l - 3*l - 4*l**2 - l**3 - 4 + b. What is x(z)?
1
Let c(a) = -15*a**2 + 7*a - 4. Let z(y) = -7*y**2 + 3*y - 2. Let i(j) = -6*c(j) + 13*z(j). Give i(-6).
-20
Suppose 18 = -8*v + 74. Suppose -6*z + 12 = -3*z. Let r(g) = 3*g**2 + 9 - 2*g**2 - 11*g - 2*g + z*g. Calculate r(v).
-5
Let h(s) = 2*s**2 - 10*s - 2. Let d(a) = -4*a**2 + 19*a + 4. Let n(p) = 6*d(p) + 11*h(p). Let q(i) be the first derivative of n(i). What is q(3)?
-8
Let w(f) = -f**2 - 8*f + 18. Let c be w(-9). Suppose -81 + c = 8*y. Let o(n) = n**2 + 9*n + 9. What is o(y)?
9
Let q = 5 + -2. Suppose -5 + q = -2*a. Let b(i) = 299 - 597 - 3*i + 4*i + 299. Determine b(a).
2
Suppose 0 = 11*k + 70 + 7. Let f(d) = d - 1. Let o(l) = -l**2 - 4*l - 9. Let v(s) = -4*f(s) + o(s). Give v(k).
2
Let f(p) be the second derivative of p**5/20 + 7*p**4/12 + 2*p**3/3 - 13*p**2/2 - 259*p. Give f(-6).
-1
Let t(m) = m**3 - 3*m**2 - 2*m + 1. Suppose 4 = 4*s - 4*o, -4*o + 3*o = 0. Let l = s - -1. Let n = 4 - l. Give t(n).
-7
Suppose p + 6 = 3*p. Let k(v) = -69 - 4*v + 68 + 4*v + 2*v**2 - p*v**3. Let a be (2/(-6))/(2/(-6)). Calculate k(a).
-2
Let x(o) = -o**3 - 8*o**2 + 9*o + 1. Suppose 0*a + a - 2*l + 4 = 0, 3*a - l + 32 = 0. Let y be a/21 - (-354)/(-42). Give x(y).
1
Let t(s) be the first derivative of -15*s**2/2 + 4*s - 641. What is t(3)?
-41
Let z(s) = s**3 + 6*s**2 + 5*s - 5. Suppose -8*h = -3*h + a - 150, -5*h - 2*a = -155. Suppose 2*p + 31 = -3*c, 0 = 5*c + 5*p + h + 16. Let j = c + 8. Give z(j).
-5
Let g(b) = b**2 - 4*b + 4. Let j(f) = 5*f - 10. Let k(t) = 6*t - 10. Let l(p) = -5*j(p) + 4*k(p). Let n be l(7). What is g(n)?
1
Let g(j) = -7*j. Suppose -5*z = 4*o - 21, -2*o - 5 = -z + 2. Let l be 6 + (-2)/2 + (-20)/z. Give g(l).
-7
Suppose -3*i = -2*i. Let n(a) be the second derivative of -7/2*a**2 + 0 + 1/12*a**4 - 6*a - 1/6*a**3. Give n(i).
-7
Suppose 0 = 3*f - 1 - 14. Let p(v) = v**2 - 2*v + 6. Let g be p(0). Let h(l) = 0*l - f*l + 5*l + 3*l + g. What is h(-4)?
-6
Let u(y) = -5*y + 7. Let v(z) = -12*z + 14. Let n(a) = -7*u(a) + 3*v(a). Give n(-5).
-2
Suppose -3*m - 17 = -2*y, 3*m - 7 + 21 = -y. Let r be (-2 - 4/(-1)) + 1. Let p(c) = r - 4 + 2*c**2 - 4*c**3 + 0. Determine p(y).
-3
Let o(q) = q**3 + 6*q**2 + q. Suppose -4*p - 365 + 61 = 0. Let y be p/13 - 8/52. Calculate o(y).
-6
Suppose -2*p + 6 = p. Suppose 2*q - i = 9, 18 = 5*q - 3*i - 7. Let f(c) = 3*c - 19*c**2 + 3 - 6 + 20*c**q. Calculate f(p).
7
Let a(z) = z**2 - 10*z + 5. Let f be a(10). Let l(b) = b + 4. Let s(w) = 2*w + 8. Let d(q) = -5*l(q) + 3*s(q). Give d(f).
9
Let z(t) = -7*t + 5. Let d(v) = -4*v + 3. Let k(h) = 5*d(h) - 3*z(h). Suppose -a - 18 = -5*u, 2*a + 3*u = -0*u + 16. Calculate k(a).
2
Let r(k) = 4*k**2 - 10*k - 7. Suppose -5*o + 17 = 2. Let h be r(o). Let n(g) = -21*g**3 + g**2 + 2*g + 1. Determine n(h).
21
Let z(r) be the second derivative of -r**4/12 + r**3/2 - 5*r**2/2 + 10*r + 4. Let p be 2/5 - 9/(-15). Let d be -1 - (p + -2 + -4). Calculate z(d).
-9
Let i(l) = l - 20. Suppose -5*j + 29*x - 25*x + 74 = 0, -x = 2*j - 40. Give i(j).
-2
Suppose -31*t + 24*t + 49 = 0. Let o = -10 - -19. Suppose t*p = o*p. Let i(c) = c**2 - c - 8. What is i(p)?
-8
Let u = -57 + 58. Let t(f) = -8*f + 2. Determine t(u).
-6
Let w(u) = u**2 - 3*u + 12. Let j(k) = k**2 - 2*k + 11. Let q(t) = -3*j(t) + 2*w(t). Give q(-7).
-58
Let j(w) = -w + 40*w**3 - 42*w**3 + 1 + 6*w**2 - 8*w**2. What is j(1)?
-4
Let y(t) = -3*t**2 + 2*t - 1. Let j(l) = -13*l**2 + 3*l - 21. Let z(b) = j(b) - 4*y(b). What is z(-3)?
-11
Let f(b) be the second derivative of 1/24*b**4 + 0*b**2 - 1/2*b**3 + 0 + 2*b - 1/120*b**5. Let o(s) be the second derivative of f(s). Determine o(-3).
4
Let q(t) = -t + 5. Suppose 4*p = 3*i - 25, 4*p + 22 = -3*i - 9. Let j(o) = -3*o - o**2 + 0*o - 4*o + 4. Let f be j(p). What is q(f)?
1
Let f(u) = -u. Let w(g) = -g + 7. Let h(t) = -2*f(t) + w(t). Suppose 5*l + 16 + 1 = 3*m, -3*l - m - 13 = 0. What is h(l)?
3
Let n(o) = o**2 + 8*o - 11. Suppose -39 - 386 = 85*b. Give n(b).
-26
Let h be 23 - (12 + -3 - 3). Let x(p) = p - 9. What is x(h)?
8
Let i(s) be the second derivative of -s**8/448 + s**6/720 - s**4/2 - 19*s. Let a(l) be the third derivative of i(l). Calculate a(-1).
14
Let a(l) be the first derivative of l**3/3 - 7*l**2/2 + 7*l + 1. Suppose -s - 7 = -4*w + 18, 2*s + 25 = 3*w. Determine a(w).
-3
Let d(b) = 1 + 0*b + b - 2 + 5 + 0*b. Calculate d(4).
8
Let n be (-2 - -5) + (-6)/6.